sands digit of 1284862457?
2
What is the units digit of 202732591?
1
What is the hundred thousands digit of 1604784465?
7
What is the ten thousands digit of 64776494?
7
What is the thousands digit of 1037084?
7
What is the hundreds digit of 5715856806?
8
What is the hundreds digit of 2306172302?
3
What is the ten thousands digit of 214182325?
8
What is the millions digit of 296540956?
6
What is the ten millions digit of 63817464?
6
What is the ten millions digit of 108462482?
0
What is the thousands digit of 43499026?
9
What is the tens digit of 31004017?
1
What is the ten millions digit of 896402920?
9
What is the ten millions digit of 18812797?
1
What is the ten millions digit of 42052813?
4
What is the hundred millions digit of 796659033?
7
What is the hundred millions digit of 877288992?
8
What is the thousands digit of 228038441?
8
What is the thousands digit of 89452192?
2
What is the ten thousands digit of 510412761?
1
What is the ten thousands digit of 517053278?
5
What is the hundreds digit of 2795226432?
4
What is the millions digit of 15918944?
5
What is the hundreds digit of 79692818?
8
What is the millions digit of 94064884?
4
What is the ten millions digit of 1737542388?
3
What is the hundred thousands digit of 106569574?
5
What is the tens digit of 17050685?
8
What is the ten thousands digit of 72052533?
5
What is the hundreds digit of 170850336?
3
What is the ten thousands digit of 2096604517?
0
What is the ten thousands digit of 1389699241?
9
What is the hundred millions digit of 5568756690?
5
What is the hundreds digit of 65035342?
3
What is the units digit of 649139307?
7
What is the hundreds digit of 244193396?
3
What is the hundred millions digit of 978503700?
9
What is the thousands digit of 1697612836?
2
What is the units digit of 20779707?
7
What is the ten millions digit of 7449434544?
4
What is the hundreds digit of 872627583?
5
What is the thousands digit of 100637629?
7
What is the hundreds digit of 914569722?
7
What is the hundred millions digit of 158686620?
1
What is the millions digit of 6888219554?
8
What is the ten millions digit of 95592688?
9
What is the ten millions digit of 57476817?
5
What is the ten thousands digit of 53304337?
0
What is the hundreds digit of 64163739?
7
What is the hundreds digit of 74786416?
4
What is the hundreds digit of 3302727101?
1
What is the hundred millions digit of 137398900?
1
What is the ten thousands digit of 924156446?
5
What is the thousands digit of 2537795310?
5
What is the ten thousands digit of 2632251708?
5
What is the ten millions digit of 4998302382?
9
What is the hundred thousands digit of 1649042643?
0
What is the millions digit of 3400763891?
0
What is the tens digit of 220355163?
6
What is the thousands digit of 50338588?
8
What is the tens digit of 157209508?
0
What is the millions digit of 264336431?
4
What is the hundred thousands digit of 38159377?
1
What is the ten thousands digit of 19755719?
5
What is the hundred thousands digit of 113486331?
4
What is the hundreds digit of 592414312?
3
What is the hundred millions digit of 196707180?
1
What is the billions digit of 5804398793?
5
What is the thousands digit of 423435748?
5
What is the hundreds digit of 46894144?
1
What is the hundred millions digit of 2771536185?
7
What is the hundred millions digit of 170788699?
1
What is the millions digit of 923571311?
3
What is the tens digit of 3755352379?
7
What is the hundred millions digit of 252398318?
2
What is the thousands digit of 2439945538?
5
What is the hundreds digit of 112906714?
7
What is the thousands digit of 1308034517?
4
What is the units digit of 72642757?
7
What is the units digit of 629329034?
4
What is the hundred millions digit of 2227565856?
2
What is the millions digit of 104285432?
4
What is the hundred thousands digit of 23832748?
8
What is the hundred thousands digit of 3738759254?
7
What is the millions digit of 765089864?
5
What is the hundred millions digit of 206831586?
2
What is the millions digit of 1051858481?
1
What is the billions digit of 7050476606?
7
What is the hundred thousands digit of 476917470?
9
What is the units digit of 2064824765?
5
What is the ten millions digit of 4116815317?
1
What is the ten thousands digit of 880797774?
9
What is the hundred thousands digit of 462557096?
5
What is the millions digit of 1964862152?
4
What is the hundreds digit of 10662812?
8
What is the tens digit of 2046095683?
8
What is the thousands digit of 62486041?
6
What is the tens digit of 97051132?
3
What is the hundred thousands digit of 149741800?
7
What is the ten millions digit of 50415755?
5
What is the thousands digit of 167797377?
7
What is the hundreds digit of 3349046015?
0
What is the millions digit of 49903476?
9
What is the hundred thousands digit of 38071971?
0
What is the units digit of 140398917?
7
What is the hundreds digit of 93243831?
8
What is the billions digit of 1710971212?
1
What is the units digit of 17005671?
1
What is the hundred thousands digit of 53830423?
8
What is the ten thousands digit of 159918686?
1
What is the ten thousands digit of 128352563?
5
What is the hundreds digit of 1603450573?
5
What is the units digit of 49666517?
7
What is the hundreds digit of 1169948280?
2
What is the hundred millions digit of 212406818?
2
What is the thousands digit of 98138285?
8
What is the units digit of 81137138?
8
What is the hundreds digit of 1496102685?
6
What is the ten millions digit of 370350151?
7
What is the ten millions digit of 711427269?
1
What is the hundreds digit of 519516669?
6
What is the hundred thousands digit of 428596640?
5
What is the thousands digit of 6374498088?
8
What is the ten thousands digit of 53113761?
1
What is the hundred millions digit of 145585562?
1
What is the ten thousands digit of 216462598?
6
What is the units digit of 1117277527?
7
What is the ten millions digit of 124534549?
2
What is the tens digit of 35141833?
3
What is the hundreds digit of 928161364?
3
What is the hundred thousands digit of 610777620?
7
What is the ten thousands digit of 400478411?
7
What is the ten thousands digit of 373009286?
0
What is the units digit of 309327660?
0
What is the thousands digit of 422555718?
5
What is the tens digit of 84873288?
8
What is the hundred thousands digit of 1018301676?
3
What is the ten millions digit of 207710451?
0
What is the hundred millions digit of 184586799?
1
What is the hundred thousands digit of 146846910?
8
What is the hundred millions digit of 1469566920?
4
What is the millions digit of 9557759?
9
What is the ten millions digit of 41758491?
4
What is the hundreds digit of 285935120?
1
What is the tens digit of 1081371901?
0
What is the millions digit of 1590787178?
0
What is the hundred millions digit of 1851417815?
8
What is the tens digit of 2835807820?
2
What is the hundred millions digit of 2791918290?
7
What is the ten thousands digit of 44505989?
0
What is the hundreds digit of 1313798501?
5
What is the hundreds digit of 8382987?
9
What is the ten thousands digit of 130305396?
0
What is the hundred thousands digit of 1095320084?
3
What is the millions digit of 619893493?
9
What is the ten millions digit of 470385365?
7
What is the thousands digit of 17475197?
5
What is the hundred thousands digit of 227501168?
5
What is the hundred millions digit of 438392746?
4
What is the thousands digit of 3707195958?
5
What is the ten thousands digit of 216298502?
9
What is the units digit of 45462827?
7
What is the ten millions digit of 122822962?
2
What is the units digit of 2170365415?
5
What is the ten thousands digit of 21534387?
3
What is the ten thousands digit of 182105572?
0
What is the units digit of 2545109838?
8
What is the hundred thousands digit of 1026773360?
7
What is the tens digit of 6191231817?
1
What is the units digit of 108752676?
6
What is the hundreds digit of 900477589?
5
What is the hundred thousands digit of 82882637?
8
What is the hundred thousands digit of 50355931?
3
What is the thousands digit of 161305484?
5
What is the ten thousands digit of 751556784?
5
What is the hundred thousands digit of 86615128?
6
What is the hundred thousands digit of 138099841?
0
What is the thousands digit of 46348937?
8
What is the hundred millions digit o